ns digit of q?
3
Suppose -3*b + 9 = -0*b. Let z be (1/b - 0)*12. Let i(t) = 8*t + 2. What is the tens digit of i(z)?
3
Let m(x) = -x**3 + 26*x**2 - 11*x + 13. What is the hundreds digit of m(24)?
9
Let t(n) = -n**2 + 2*n. Let q be t(-10). What is the units digit of -4*(-2)/4 + -3 - q?
9
Let a = 14 + 71. Let r = 125 - a. What is the tens digit of r?
4
Suppose -5*c = -0*o - 4*o + 224, 161 = 3*o - 2*c. What is the units digit of o/2 - 1/(-2)?
6
Let b(q) = 3*q**3 - 5*q**2 + 36*q - 14. What is the units digit of b(6)?
0
Let b(h) = 9*h**3 + 2*h**2 - 6*h + 3. What is the units digit of b(2)?
1
Let x = 38 + -33. Suppose -x*n = 971 - 371. Let c = n - -192. What is the tens digit of c?
7
Suppose 16*y - 14*y = 0. Let d = -20 - -44. Suppose u - d = -y. What is the units digit of u?
4
Suppose -105 - 432 = -3*z. What is the tens digit of z?
7
Suppose 2 = -y + 1. Let w be (-4)/y - 2/(-2). What is the units digit of (2/(-4))/(w/(-170))?
7
Let i be ((-8)/(-3))/((-4)/(-6)). Suppose 3*t - 159 = -4*g, 5*g - 180 = g + i*t. What is the tens digit of g?
4
Let w = 2664 + -1784. What is the tens digit of w?
8
Suppose 17 + 8 = 5*q. Suppose h + q*h = 444. What is the units digit of h?
4
Suppose -7*f + 2*f + 158 = -4*l, 4*f - l - 133 = 0. Suppose -11*c + 90 = -9. What is the tens digit of f + 0 + c + -7?
3
What is the hundreds digit of 971 + 3/(9/(-9))?
9
Suppose 3*w - 8 - 22 = 0. Let i = w - 12. What is the units digit of i/9 + (-280)/(-45)?
6
Suppose 5*k + 528 = k + 4*r, 3*r - 142 = k. Suppose 0 = 12*u + 745 + 119. Let b = u - k. What is the units digit of b?
5
Let m(y) = 5*y + 0 + 5 - 3 + 1 + y**2. Let d be m(-5). Suppose -d*h + 6 = -0*h. What is the units digit of h?
2
Suppose -5*k - 12 = -32. Let w = k + 21. What is the tens digit of w?
2
Let w = 111 + -107. Let z(o) = 4*o**2 - 3*o - 3. What is the tens digit of z(w)?
4
Suppose 4*k - o = 22, 5*k - 3*k + 2*o = 6. Suppose -3*a + 287 = 3*j + 2*a, 0 = a + k. What is the units digit of j?
4
Let y = 3724 - 1529. What is the units digit of y?
5
Suppose 0 = 4*g - 3*n - 1806, 88 = g + 3*n - 356. Let d = -312 + g. What is the tens digit of d?
3
Let u(v) be the second derivative of -v**3/2 - 17*v**2/2 - 2*v. Let n be u(-7). Suppose -76 = -0*t - 4*t + n*d, 2*t + d = 44. What is the units digit of t?
1
Suppose 4*g = -0*g + 20. Let x(n) = -n**2 + 6*n - 3. Let m be x(g). Suppose m*j = -0*j + 6. What is the units digit of j?
3
Suppose 2*p - 3*f = 14, -2*p + 30 - 8 = -5*f. Let n(y) = 3*y - 2. Let v(g) = -1. Let z(h) = p*n(h) - 6*v(h). What is the tens digit of z(4)?
1
Suppose -192 - 56 = -k. Suppose k + 880 = 8*b. What is the hundreds digit of b?
1
Let t = 66 + 15. Suppose 18*u + t = 19*u. What is the tens digit of u?
8
Let a(l) = l**2 + 18*l - 3. Let s be a(-18). Let u = s + 6. What is the units digit of u?
3
Let n(d) = 2*d - 10*d + 66 + 13 - 9. What is the units digit of n(7)?
4
Let o(q) = -8*q**3 - 2*q**2 - 4*q - 2. Suppose 0 = 2*x + 8 - 4. What is the tens digit of o(x)?
6
Suppose 8*g - 2 = 14. Suppose 0*w = 5*u - w - 604, 3*u - g*w - 361 = 0. What is the hundreds digit of u?
1
Let l(u) = -u**3 + 9*u**2 - 9*u + 9. Let o be l(7). Let y = -10 + o. What is the units digit of y?
4
Suppose -5*h = -10 - 10, 12 = -x + 4*h. Let b be 514/x - 2/(-4). Suppose -l = -6*l - 3*z + b, 5*l + 4*z = 132. What is the units digit of l?
4
Let f = 44 - 20. Let s = 26 - f. What is the units digit of 28 + (5 - s - 1)?
0
Let k(o) = 8*o**2 + 3*o. Let n be k(3). Suppose -m + n = y, 4*m = m + 3*y + 261. What is the units digit of m?
4
Let f(h) = h**3 - 5*h**2 - 3*h - 12. Let y be f(6). Suppose -2*i - 2 = -y. Let c = 20 - i. What is the tens digit of c?
1
Let o = 132 + -125. Suppose 0 = o*s - 2*s + 15, n = -3*s + 211. What is the units digit of n?
0
Suppose -3*y = -6*y + 171. Let v(o) = -17*o. Let h be v(2). Let n = h + y. What is the units digit of n?
3
Let t = -2478 - -5102. What is the thousands digit of t?
2
Let y = 340 + -214. Suppose 0 = -3*z + z + 2*m + 64, -4*z + y = -3*m. What is the units digit of 582/z + 6/10?
0
Let s(w) = -w**3 + 0*w**2 - w + w**2 + 2*w**3 + 0*w**3 + 66. Let d be s(0). Let g = -36 + d. What is the units digit of g?
0
Let q(w) = 232*w**3 + 2*w**2 - 2*w - 1. Let d be q(-2). What is the units digit of 1/(-2) - d/30?
1
Let l be 21/35 - (-74)/10. Suppose -4 = -3*d + l. Suppose -y + d - 1 = 0. What is the units digit of y?
3
Suppose q = 4*v - 33, 5*q - 35 = -2*v - 3*v. Suppose -7*y + v*y - 64 = 0. What is the units digit of y?
4
Suppose 0 = -3*i + 125 + 4. Let s = i + -4. What is the units digit of s?
9
Let h be (-1*10/2)/1. Suppose c + 2*s = -2, -s = 2*c - 3*c - 14. What is the units digit of (-26)/h - (-2)/c?
5
Let s = 21 + 7. Suppose -2*v + s = 8. What is the tens digit of v?
1
Let j(g) = g. Let b(r) = r**2 - 4*r - 3. Let a(n) = b(n) - 2*j(n). Let o be (9/6)/((-3)/(-16)). What is the units digit of a(o)?
3
Suppose -23*m + 2958 = -21*m. What is the hundreds digit of m?
4
Let b = -40 - -43. Suppose -5*m - 2*k + 936 = -4*k, b*m - 556 = 4*k. What is the units digit of m?
8
Let b be (13 + -5)/((-6)/15). What is the tens digit of 510/b*4/(-3)?
3
Let w(c) = -24*c + 3. Suppose n = -2*n. Let m be (12/(-3) - n) + 3. What is the units digit of w(m)?
7
Suppose -m = -m + m. Suppose -c - 4*y + 100 = m, 0*y = -5*c + y + 542. What is the units digit of c?
8
Suppose -58*t + 166643 = -1383. What is the tens digit of t?
9
What is the hundreds digit of 238/(-4)*120/(-12)?
5
Let d(n) = -78*n - 37. What is the thousands digit of d(-34)?
2
What is the hundreds digit of 0 + 9942/6 - 9?
6
Let r be 0/(3/(15/(-10))). What is the units digit of r/(3 - -1) - -51?
1
Suppose 4*s + 0*s - 11592 = 4*k, 3*k = s - 2904. What is the tens digit of s?
9
Suppose -23*p + 2888 = -11832. What is the units digit of p?
0
Suppose -25 = 5*r, -2*u + 4*r - 196 = 2*u. What is the units digit of (-40)/10 + u/(-2)?
3
Let r be 2*4/(-8)*-1. What is the hundreds digit of 466/(-2)*r*(-3)/3?
2
Let x = 1048 - 471. Suppose -y + 86 = 5*h, -4*y + 5*h + x = 208. Suppose 54 = 5*k - y. What is the tens digit of k?
2
Let a(i) = 76*i**2 + 3*i + 3. What is the units digit of a(1)?
2
Suppose 0 = 3*h - 305 - 274. Let i = h + -122. What is the units digit of i?
1
Suppose -f - 10 = -4*b + 2, 2*f - 2*b + 24 = 0. What is the tens digit of ((-32)/f - 4)*-117?
5
Let b(c) = 3*c**2 + 4*c + 28 + 0*c**2 - 31 - 5*c. Suppose 3*s - 2 = 4. What is the units digit of b(s)?
7
Let u be 1/(-3)*-6*1/(-2). Suppose 0 = -5*f - 51 - 9. What is the units digit of (u - -8) + f/4?
4
What is the thousands digit of (7090/(-20) + 4)/((-2)/8)?
1
Suppose 96 = 9*o + 15. Suppose -3*z - o*x = -10*x - 454, 4*z + 3*x - 627 = 0. What is the tens digit of z?
5
Suppose -1058 - 274 = -3*w. Suppose -11*m + w = -7*m. What is the tens digit of m?
1
Suppose -4*y = -10*y + 12. Let t = -1 + y. What is the units digit of t?
1
Let r(n) = -2*n**3 - 5*n**2 - 10*n - 8. What is the hundreds digit of r(-7)?
5
Suppose -3*b + 0*d + 16 = 2*d, b = -2*d. Suppose b*g - 95 = 7*g. What is the units digit of g?
5
Suppose s + 62 = v + 2*v, 3*v + 3*s = 42. What is the tens digit of v?
1
What is the tens digit of (77 + 0)/((4 - 20)/(-560))?
9
Suppose -4*c - 282 = w, 2*w - 4*c = -0*w - 612. Let f = -74 - w. What is the tens digit of f?
2
Let b(c) = -4*c + 608. What is the units digit of b(-47)?
6
Let t = 5 + 133. Let i(n) = 18*n + 4. Let q be i(-4). Let o = q + t. What is the tens digit of o?
7
Let d(o) = -2*o**2 + 8*o + 5. Let v be d(6). Let q = -13 - v. Suppose 0*y + q = 2*y. What is the units digit of y?
3
Let b(w) be the third derivative of w**6/120 + w**5/20 - 11*w**4/24 - w**3/3 + 3*w**2. Let c be b(-5). What is the tens digit of 5*(c + 76/20)?
3
Let n(b) = -1. Let c(k) = k**2 + 2*k - 14. Let p = 6 + -5. Let x(f) = p*c(f) - 2*n(f). What is the tens digit of x(5)?
2
Suppose 4*j + 3*l - 19 = 0, -2*l + 9 + 1 = 0. What is the tens digit of 3/(j/(-556)*-6)?
7
Suppose 1 - 13 = -3*c. Suppose -c*i + 105 + 195 = 5*m, -3*i = 5*m - 220. What is the tens digit of i?
8
Let h(v) = 3*v + 115. What is the tens digit of h(0)?
1
Let j = 17 - 14. Suppose 0 = -6*o + j*o - 12. Let c(p) = 2*p + 9. What is the units digit of c(o)?
1
Suppose -5*h - 53 = s - 3*s, 0 = 4*h - 5*s + 56. Let q be ((-4)/(-6))/(h/(-324)). Suppose 0 = -3*w + w + q. What is the tens digit of w?
1
Let j =